{"id":62,"date":"2015-11-02T20:32:20","date_gmt":"2015-11-02T19:32:20","guid":{"rendered":"http:\/\/www.pacienti.cz\/?page_id=62"},"modified":"2025-03-19T21:22:43","modified_gmt":"2025-03-19T20:22:43","slug":"pravni-pomoc","status":"publish","type":"page","link":"https:\/\/www.pacienti.cz\/?page_id=62","title":{"rendered":"Pr\u00e1vn\u00ed pomoc"},"content":{"rendered":"<hr \/>\n<p>&nbsp;<\/p>\n<h2><span style=\"color: #ff0000;\"><strong>Pr\u00e1vn\u00ed pomoc a konzultace<\/strong><\/span><\/h2>\n<p>Na tomto m\u00edst\u011b najdete kontakty na advok\u00e1ty, kte\u0159\u00ed jsou ve spolupr\u00e1ci se Svazem pacient\u016f \u010cR. Ot\u00e1zka e-mailem, se rozum\u00ed<strong> jednoduch\u00e1, z\u00e1kladn\u00ed stru\u010dn\u00e1 konzultace,<\/strong> je bez poplatku.<\/p>\n<p>V p\u0159\u00edpad\u011b dohody o zastupov\u00e1n\u00ed je pak zpoplatn\u011bn\u00e9 na z\u00e1klad\u011b dohody obou stran. M\u016f\u017ee b\u00fdt dohodnut\u00e1<\/p>\n<ul>\n<li>pau\u0161\u00e1ln\u00ed platba,<\/li>\n<li>platba za \u00fakony anebo<\/li>\n<li>platba v dohodnut\u00e9m\u00a0% z vyhran\u00e9ho soudn\u00edho sporu<\/li>\n<li>p\u0159\u00edpadn\u011b kombinace pau\u0161\u00e1ln\u00ed \u010d\u00e1stky a nap\u0159. 20% z vyhran\u00e9ho soudn\u00edho sporu.<\/li>\n<\/ul>\n<div>.<\/div>\n<div><\/div>\n<div>\n<hr \/>\n<\/div>\n<div style=\"text-align: left;\">\n<hr \/>\n<\/div>\n<div style=\"text-align: left;\"><\/div>\n<p>&nbsp;<\/p>\n<div>\n<h3>1. <b><span style=\"color: #0000ff;\"><a style=\"color: #0000ff;\" href=\"https:\/\/akduffkova.cz\/\">Advok\u00e1tn\u00ed kancel\u00e1\u0159 JUDr. DUFFKOV\u00c1<\/a>, LL.M.<a href=\"http:\/\/www.advokatpavelka.cz\"><img loading=\"lazy\" decoding=\"async\" class=\"alignright wp-image-276 size-thumbnail\" src=\"https:\/\/www.pacienti.cz\/wp-content\/uploads\/2015\/08\/askulapstab-837309__180-150x150.jpg\" alt=\"\" width=\"150\" height=\"150\" \/><\/a><\/span><\/b><\/h3>\n<div>\n<div>\u00a0\u00a0\u00a0\u00a0 <strong>U Div\u010d\u00edch hrad\u016f 305\/21, Praha 5<\/strong>;<\/div>\n<div>\u00a0\u00a0\u00a0 \u00a0<b><a href=\"https:\/\/akduffkova.cz\">www.akduffkova.cz<\/a><\/b><\/div>\n<div><\/div>\n<div>\n<ul>\n<li><span id=\"skype_c2c_container\" dir=\"ltr\" tabindex=\"-1\"><span dir=\"ltr\"><span id=\"non_free_num_ui\">Tel.\u00a0\u00a0\u00a0\u00a0\u00a0 602 272 046<br \/>\n<\/span><\/span><\/span><\/li>\n<li>E-mail: duffkova@akduffkova.cz<\/li>\n<\/ul>\n<\/div>\n<\/div>\n<\/div>\n<div><\/div>\n<div>.<\/div>\n<div>.<\/div>\n<div><\/div>\n<div>\n<hr \/>\n<\/div>\n<div><\/div>\n<div>.<\/div>\n<div><\/div>\n<div>\n<h3>2. \u00a0 <a href=\"http:\/\/www.advokat-juran.cz\"><span style=\"color: #0000ff;\"><strong>Advok\u00e1tn\u00ed kancel\u00e1\u0159 JU<\/strong><strong>R\u00c1\u0147<img loading=\"lazy\" decoding=\"async\" class=\"alignright wp-image-1787 size-thumbnail\" src=\"https:\/\/www.pacienti.cz\/wp-content\/uploads\/2015\/11\/juran_ak-150x150.jpg\" alt=\"\" width=\"150\" height=\"150\" srcset=\"https:\/\/www.pacienti.cz\/wp-content\/uploads\/2015\/11\/juran_ak-150x150.jpg 150w, https:\/\/www.pacienti.cz\/wp-content\/uploads\/2015\/11\/juran_ak-144x144.jpg 144w\" sizes=\"(max-width: 150px) 100vw, 150px\" \/><\/strong><\/span><\/a><\/h3>\n<p style=\"padding-left: 30px;\">s\u00eddlo:\u00a0 <strong>Dvo\u0159\u00e1kova 588\/13, 602 00 Brno<\/strong><\/p>\n<p style=\"padding-left: 30px;\">pobo\u010dka: <span style=\"color: #000080;\">Svitavsk\u00e1 2383\/1b, 678 01<strong> Blansko<\/strong><\/span><\/p>\n<p style=\"padding-left: 30px;\"><strong>web: \u00a0\u00a0\u00a0\u00a0\u00a0\u00a0 <\/strong><span style=\"color: #0000ff;\"><a style=\"color: #0000ff;\" href=\"http:\/\/www.advokat-juran.cz\">www.advokat-juran.cz<\/a><\/span><br \/>\n<strong>e-mail:\u00a0\u00a0\u00a0\u00a0<\/strong> <span style=\"color: #ff0000;\"><a style=\"color: #ff0000;\" href=\"mailto:office@advokat-juran.cz\"><span style=\"color: #000080;\"><strong>office@advokat-juran.cz<\/strong><\/span><\/a><\/span><br \/>\ntel.:\u00a0\u00a0\u00a0\u00a0\u00a0\u00a0\u00a0\u00a0\u00a0 +420 720\u00a0052\u00a0178 (sekretari\u00e1t)<\/p>\n<p style=\"padding-left: 30px;\">FB:\u00a0 @advokatnikancelarjuran<\/p>\n<p>.<\/p>\n<\/div>\n<div>\n<hr \/>\n<\/div>\n<div style=\"text-align: left;\"><\/div>\n<div>.<\/div>\n<p>&nbsp;<\/p>\n","protected":false},"excerpt":{"rendered":"<p>&nbsp; Pr\u00e1vn\u00ed pomoc a konzultace Na tomto m\u00edst\u011b najdete kontakty na advok\u00e1ty, kte\u0159\u00ed jsou ve spolupr\u00e1ci se Svazem pacient\u016f \u010cR. Ot\u00e1zka e-mailem, se rozum\u00ed jednoduch\u00e1, z\u00e1kladn\u00ed stru\u010dn\u00e1 konzultace, je bez poplatku. V p\u0159\u00edpad\u011b dohody o zastupov\u00e1n\u00ed je pak zpoplatn\u011bn\u00e9 na z\u00e1klad\u011b dohody obou stran. M\u016f\u017ee b\u00fdt dohodnut\u00e1 pau\u0161\u00e1ln\u00ed platba, platba za \u00fakony anebo platba v [&hellip;]<\/p>\n","protected":false},"author":1,"featured_media":0,"parent":1215,"menu_order":0,"comment_status":"closed","ping_status":"closed","template":"","meta":{"footnotes":""},"_links":{"self":[{"href":"https:\/\/www.pacienti.cz\/index.php?rest_route=\/wp\/v2\/pages\/62"}],"collection":[{"href":"https:\/\/www.pacienti.cz\/index.php?rest_route=\/wp\/v2\/pages"}],"about":[{"href":"https:\/\/www.pacienti.cz\/index.php?rest_route=\/wp\/v2\/types\/page"}],"author":[{"embeddable":true,"href":"https:\/\/www.pacienti.cz\/index.php?rest_route=\/wp\/v2\/users\/1"}],"replies":[{"embeddable":true,"href":"https:\/\/www.pacienti.cz\/index.php?rest_route=%2Fwp%2Fv2%2Fcomments&post=62"}],"version-history":[{"count":78,"href":"https:\/\/www.pacienti.cz\/index.php?rest_route=\/wp\/v2\/pages\/62\/revisions"}],"predecessor-version":[{"id":4692,"href":"https:\/\/www.pacienti.cz\/index.php?rest_route=\/wp\/v2\/pages\/62\/revisions\/4692"}],"up":[{"embeddable":true,"href":"https:\/\/www.pacienti.cz\/index.php?rest_route=\/wp\/v2\/pages\/1215"}],"wp:attachment":[{"href":"https:\/\/www.pacienti.cz\/index.php?rest_route=%2Fwp%2Fv2%2Fmedia&parent=62"}],"curies":[{"name":"wp","href":"https:\/\/api.w.org\/{rel}","templated":true}]}}